38 is divided by 91?
86
What is the remainder when 1575 is divided by 734?
107
Calculate the remainder when 33018 is divided by 3982.
1162
Calculate the remainder when 6109 is divided by 1011.
43
Calculate the remainder when 30748 is divided by 246.
244
What is the remainder when 18160 is divided by 160?
80
What is the remainder when 764 is divided by 269?
226
What is the remainder when 91655 is divided by 7621?
203
What is the remainder when 524703 is divided by 651?
648
What is the remainder when 12240 is divided by 1224?
0
What is the remainder when 13866 is divided by 2750?
116
What is the remainder when 22486 is divided by 301?
212
Calculate the remainder when 1571 is divided by 397.
380
What is the remainder when 6384 is divided by 71?
65
Calculate the remainder when 23697 is divided by 1464.
273
What is the remainder when 254677 is divided by 66?
49
What is the remainder when 3495 is divided by 1129?
108
Calculate the remainder when 9670 is divided by 1019.
499
What is the remainder when 292179 is divided by 20?
19
Calculate the remainder when 23750 is divided by 74.
70
Calculate the remainder when 682088 is divided by 40.
8
What is the remainder when 1058 is divided by 420?
218
What is the remainder when 1253 is divided by 262?
205
Calculate the remainder when 331770 is divided by 36862.
12
Calculate the remainder when 7779 is divided by 7652.
127
Calculate the remainder when 2500 is divided by 297.
124
Calculate the remainder when 20601 is divided by 72.
9
What is the remainder when 9524 is divided by 4737?
50
Calculate the remainder when 403843 is divided by 285.
283
Calculate the remainder when 1192847 is divided by 64.
15
What is the remainder when 8547 is divided by 1398?
159
What is the remainder when 122479 is divided by 111?
46
What is the remainder when 18143 is divided by 43?
40
Calculate the remainder when 21449 is divided by 5361.
5
What is the remainder when 3166 is divided by 333?
169
What is the remainder when 7907433 is divided by 422?
419
Calculate the remainder when 3371 is divided by 293.
148
Calculate the remainder when 323802 is divided by 38.
4
What is the remainder when 349674 is divided by 679?
668
What is the remainder when 286671 is divided by 51?
0
What is the remainder when 12652 is divided by 836?
112
Calculate the remainder when 1401 is divided by 347.
13
What is the remainder when 407527 is divided by 247?
224
Calculate the remainder when 9471 is divided by 591.
15
Calculate the remainder when 10545 is divided by 392.
353
Calculate the remainder when 10459 is divided by 32.
27
What is the remainder when 5295 is divided by 1246?
311
What is the remainder when 56310 is divided by 14?
2
Calculate the remainder when 29478 is divided by 127.
14
What is the remainder when 1430 is divided by 223?
92
Calculate the remainder when 8389 is divided by 8.
5
What is the remainder when 930 is divided by 51?
12
Calculate the remainder when 2330 is divided by 158.
118
What is the remainder when 109627 is divided by 192?
187
Calculate the remainder when 231799 is divided by 94.
89
What is the remainder when 2295 is divided by 52?
7
Calculate the remainder when 47757 is divided by 530.
57
Calculate the remainder when 350986 is divided by 3774.
4
What is the remainder when 31618 is divided by 100?
18
Calculate the remainder when 76 is divided by 9.
4
What is the remainder when 31015 is divided by 15430?
155
Calculate the remainder when 238534 is divided by 83.
75
Calculate the remainder when 16457 is divided by 16448.
9
Calculate the remainder when 493 is divided by 38.
37
Calculate the remainder when 1687850 is divided by 421962.
2
What is the remainder when 30680 is divided by 15303?
74
Calculate the remainder when 156266 is divided by 90.
26
What is the remainder when 30526 is divided by 149?
130
What is the remainder when 558 is divided by 342?
216
What is the remainder when 17129 is divided by 115?
109
What is the remainder when 200342 is divided by 40068?
2
What is the remainder when 5453 is divided by 5437?
16
What is the remainder when 4073 is divided by 659?
119
Calculate the remainder when 593621 is divided by 1427.
1416
What is the remainder when 4943 is divided by 183?
2
What is the remainder when 258268 is divided by 583?
582
Calculate the remainder when 120785 is divided by 1421.
0
Calculate the remainder when 97020 is divided by 1260.
0
Calculate the remainder when 67907 is divided by 85.
77
What is the remainder when 12387 is divided by 67?
59
What is the remainder when 22220 is divided by 26?
16
What is the remainder when 8818 is divided by 8797?
21
What is the remainder when 832 is divided by 744?
88
Calculate the remainder when 68500 is divided by 21.
19
What is the remainder when 42570 is divided by 17?
2
What is the remainder when 625656 is divided by 11?
9
What is the remainder when 60519 is divided by 66?
63
What is the remainder when 100366 is divided by 20?
6
What is the remainder when 85744 is divided by 1478?
20
What is the remainder when 556675 is divided by 549?
538
Calculate the remainder when 135350 is divided by 404.
10
What is the remainder when 16699 is divided by 32?
27
Calculate the remainder when 7266 is divided by 214.
204
What is the remainder when 13197 is divided by 104?
93
Calculate the remainder when 168141 is divided by 16.
13
What is the remainder when 1026939 is divided by 98?
95
What is the remainder when 52318 is divided by 3736?
14
What is the remainder when 1604 is divided by 107?
106
Calculate the remainder when 90933 is divided by 205.
118
What is the remainder when 5480 is divided by 422?
416
Calculate the remainder when 2138 is divided by 433.
406
What is the remainder when 546572 is divided by 24?
20
What is the remainder when 639 is divided by 127?
4
Calculate the remainder when 20712 is divided by 609.
6
What is the remainder when 2259 is divided by 265?
139
What is the remainder when 101749 is divided by 1884?
13
What is the remainder when 14803 is divided by 336?
19
Calculate the remainder when 127349 is divided by 450.
449
What is the remainder when 12858 is divided by 1166?
32
What is the remainder when 224527 is divided by 173?
146
What is the remainder when 138220 is divided by 106?
102
Calculate the remainder when 5603 is divided by 20.
3
What is the remainder when 15397 is divided by 891?
250
What is the remainder when 1551 is divided by 1211?
340
Calculate the remainder when 3232 is divided by 191.
176
What is the remainder when 123795 is divided by 478?
471
What is the remainder when 46643 is divided by 2328?
83
Calculate the remainder when 4893 is divided by 696.
21
What is the remainder when 1389929 is divided by 47?
45
What is the remainder when 7309 is divided by 596?
157
What is the remainder when 572614 is divided by 1400?
14
What is the remainder when 8056 is divided by 3780?
496
What is the remainder when 2359 is divided by 297?
280
Calculate the remainder when 6656 is divided by 158.
20
What is the remainder when 111367 is divided by 194?
11
What is the remainder when 7216 is divided by 1748?
224
What is the remainder when 21661 is divided by 1084?
1065
What is the remainder when 909 is divided by 458?
451
Calculate the remainder when 38869 is divided by 290.
9
Calculate the remainder when 7111 is divided by 3156.
799
Calculate the remainder when 34890 is divided by 28.
2
What is the remainder when 1762175 is divided by 96?
95
Calculate the remainder when 57539 is divided by 4793.
23
What is the remainder when 174746 is divided by 58248?
2
Calculate the remainder when 45762 is divided by 5.
2
What is the remainder when 3806 is divided by 1791?
224
What is the remainder when 32214 is divided by 34?
16
Calculate the remainder when 72283 is divided by 94.
91
What is the remainder when 5398838 is divided by 355?
353
Calculate the remainder when 7611 is divided by 43.
0
What is the remainder when 97224 is divided by 97120?
104
What is the remainder when 1137 is divided by 370?
27
What is the remainder when 510672 is divided by 1213?
1212
Calculate the remainder when 8847 is divided by 253.
245
What is the remainder when 6141 is divided by 641?
372
Calculate the remainder when 27017 is divided by 3859.
4
What is the remainder when 9671 is divided by 3